129. Give u(-8).
-23
Let c(s) = -s**2 - 121*s - 3863. Calculate c(-74).
-385
Let k(q) = 2574*q - 144191. Determine k(56).
-47
Let j(x) = x**2 - 2005*x + 389546. What is j(218)?
-20
Let y(p) = -p**3 + 44*p**2 - 6*p + 274. What is y(44)?
10
Let m(s) = -2*s**2 + 498*s - 27076. Determine m(170).
-216
Let v(n) = -n**3 - 120*n**2 + 2949*n - 1700. What is v(-141)?
-8
Let y(o) = -48986*o + 8523560. Calculate y(174).
-4
Let y(x) = -x**3 - 30*x**2 - 120*x - 405. Calculate y(-26).
11
Let o(u) = -2*u**3 - 89*u**2 + 58*u + 4447. Determine o(-44).
-41
Let r(z) = 89096*z + 4989370. Determine r(-56).
-6
Let l(c) = -30*c**2 + 5083*c - 17091. Give l(166).
7
Let u(k) = 49*k**2 - 462*k - 166. Determine u(16).
4986
Let q(m) = -m**3 + 104*m**2 + 3554*m - 143. Calculate q(-27).
-602
Let g(n) = -17*n**3 + 2140*n**2 + 2440*n - 3416. What is g(127)?
13
Let j(n) = -103121*n + 2578022. Give j(25).
-3
Let i(h) = -45*h**3 + 2654*h**2 + 24*h + 2051. Determine i(59).
-14
Let r(w) = w**2 + 6088*w - 763951. What is r(123)?
2
Let a(p) = 2093*p - 921040. Determine a(440).
-120
Let p(f) = f**2 - 1334*f - 784991. Determine p(-442).
1
Let a(l) = 24*l**2 - 39549*l - 123827. Give a(1651).
-2
Let n(x) = x**3 + 12*x**2 - 27*x - 267. Calculate n(-9).
219
Let l(w) = -3*w**2 + 524*w - 11381. Calculate l(25).
-156
Let u(q) = -118*q**3 - 587*q**2 - 258*q - 1370. Calculate u(-5).
-5
Let p(g) = -g**3 + 500*g**2 - 10967*g + 36. Calculate p(23).
128
Let f(m) = 3*m**3 + 28*m**2 + 36*m + 318. Determine f(-12).
-1266
Let k(m) = -19464*m + 23317883. Calculate k(1198).
11
Let r(a) = 3*a**2 - 1453*a - 52185. What is r(519)?
1791
Let v(g) = 2504*g + 19509. Give v(-8).
-523
Let s(h) = -h**3 + 120*h**2 + 909*h - 3564. Determine s(127).
-1024
Let h(w) = -716*w + 42205. Calculate h(59).
-39
Let g(k) = 6*k**2 - 766*k - 9155. What is g(-11)?
-3
Let f(g) = -196*g**2 + 25322*g - 4895. What is f(129)?
7
Let h(i) = -i**3 + 123*i**2 - 64*i - 7168. Give h(122).
-92
Let v(m) = 7090*m - 761. Calculate v(0).
-761
Let m(a) = -6*a**3 + 50*a**2 + 63*a - 589. What is m(9)?
-346
Let k(g) = -g**3 + 29*g**2 - 106*g + 2314. Determine k(28).
130
Let g(a) = 3*a**3 + 478*a**2 - 304*a + 640. Calculate g(-160).
-1920
Let u(v) = -1393*v**3 + 13*v**2 - 49*v + 42. Give u(1).
-1387
Let i(r) = 4*r**3 + 200*r**2 + 56*r + 2813. Give i(-50).
13
Let o(p) = -11682*p**2 + 23387*p + 11. Give o(2).
57
Let z(m) = 1346*m - 20716. Give z(16).
820
Let r(f) = 634*f + 5660. Give r(-9).
-46
Let o(y) = -355*y**2 + 1646*y + 643. Give o(5).
-2
Let d(n) = -606*n - 3926. What is d(-8)?
922
Let g(b) = -2*b**2 + 16147*b + 80774. Give g(-5).
-11
Let s(p) = 38624*p + 733852. Determine s(-19).
-4
Let o(a) = -147118*a + 15300270. Calculate o(104).
-2
Let c(f) = -2*f**2 + 117*f - 1646. Calculate c(23).
-13
Let x(p) = 5118*p - 112577. Calculate x(22).
19
Let f(k) = -16*k**3 + 2698*k**2 + 1019*k - 838. Determine f(169).
7
Let z(f) = -484*f + 28019. Calculate z(59).
-537
Let h(q) = -612*q**2 - 5511*q - 14. Give h(-9).
13
Let t(i) = 415*i**2 + 26151*i + 368. Determine t(-63).
-10
Let a(o) = 5854*o - 87833. What is a(15)?
-23
Let d(b) = -488902*b - 2933413. Calculate d(-6).
-1
Let b(y) = 90451*y - 723611. Calculate b(8).
-3
Let u(d) = -3260*d + 7047. What is u(2)?
527
Let w(x) = 271*x + 2876. Give w(-7).
979
Let h(f) = 3*f**2 - 115*f - 3409. Give h(58).
13
Let x(g) = g**3 + 3*g**2 + 514*g - 2751. What is x(5)?
19
Let q(u) = 987785*u - 9877847. Determine q(10).
3
Let a(f) = -219*f**2 + 2614*f - 72. Determine a(12).
-240
Let n(l) = 58022*l - 290117. Give n(5).
-7
Let r(t) = 2*t**3 + 173*t**2 - 444*t + 184. Calculate r(-89).
95
Let r(s) = 9*s**2 + 7526*s - 192009. Determine r(-861).
-6
Let u(r) = 6607*r + 165687. Calculate u(-25).
512
Let n(s) = s**3 + 30*s**2 + 371*s + 15481. Determine n(-33).
-29
Let b(k) = -284*k + 75998. Give b(268).
-114
Let a(n) = 8317*n + 91491. Give a(-11).
4
Let h(r) = r**3 + 3*r**2 + 201*r - 16. Give h(0).
-16
Let y(a) = -2186*a + 732299. Give y(335).
-11
Let j(o) = 1692*o + 5073. Give j(-3).
-3
Let q(a) = -10722*a + 225526. Determine q(21).
364
Let a(l) = -l**3 - 17*l**2 + 9*l + 170. Calculate a(-6).
-280
Let z(v) = 3*v**3 - 45*v**2 - 38*v + 119. What is z(15)?
-451
Let i(m) = -17*m**2 + 3222*m + 1719. Give i(190).
199
Let z(l) = 3*l**2 - 20070*l - 120467. What is z(-6)?
61
Let i(k) = 184*k**2 - 8097*k - 160. Give i(44).
-204
Let t(h) = -5*h**3 - 2341*h**2 + 13745*h - 410. Give t(-474).
64
Let d(l) = -27*l + 4583. Give d(71).
2666
Let o(i) = -i**2 + 163*i - 4377. Calculate o(33).
-87
Let v(m) = -7306*m - 58439. Calculate v(-8).
9
Let r(s) = -7187*s + 754630. Determine r(105).
-5
Let z(v) = -2*v**3 - 79*v**2 - 103*v + 509. What is z(-38)?
91
Let b(i) = 104307*i - 1251638. Give b(12).
46
Let w(x) = -4539*x - 68026. Give w(-15).
59
Let q(i) = 20*i**2 - 906*i + 9803. Determine q(18).
-25
Let h(z) = -1621*z + 45274. Give h(28).
-114
Let c(l) = -2910*l - 4235. Give c(-1).
-1325
Let o(a) = 2*a**2 - 38*a - 3458. Calculate o(-34).
146
Let v(c) = 23*c**2 - 7659*c - 391224. Give v(378).
6
Let f(k) = k**3 + 60*k**2 - 219*k - 142. Give f(-64).
-2510
Let o(l) = 4*l**2 - 269*l + 3196. Determine o(53).
175
Let v(f) = -327*f**3 + 2*f**2 + 2*f - 1. Give v(-1).
326
Let c(j) = -11*j**2 + 141*j + 777. Calculate c(-6).
-465
Let k(i) = -87*i**2 - 310*i - 109. What is k(-6)?
-1381
Let j(w) = -w**2 + 1442*w + 2075425. Determine j(-890).
-55
Let d(w) = 2*w**2 - 3007174*w - 12028710. Give d(-4).
18
Let l(k) = -12465*k + 62336. Give l(5).
11
Let m(n) = -50*n**2 - 2539*n + 579. Calculate m(-51).
18
Let p(g) = -855*g + 6843. Give p(10).
-1707
Let u(k) = -10*k**3 + 1151*k**2 + 1099*k - 6370. Determine u(116).
10
Let t(u) = -102*u**2 + 277*u - 283. Determine t(1).
-108
Let l(u) = 4*u**3 + 76*u**2 + 403*u + 463. Determine l(-7).
-6
Let z(t) = t**2 + 543*t + 34578. What is z(-74)?
-128
Let v(u) = 8*u**2 + 3158*u - 7085. Give v(-397).
61
Let o(x) = 5809*x - 301767. Give o(52).
301
Let x(w) = 26811*w + 134064. Determine x(-5).
9
Let r(n) = 153*n**2 + 1230*n + 38. What is r(-8)?
-10
Let a(h) = 631*h + 1137. What is a(-1)?
506
Let v(k) = k**2 - 8714*k - 4840718. Give v(-524).
-6
Let u(f) = 2*f**3 - 138*f**2 + 98*f - 6876. Give u(69).
-114
Let w(x) = 1847*x**2 + 262274*x - 156. What is w(-142)?
-156
Let t(v) = -17349*v + 69382. Calculate t(4).
-14
Let d(n) = 64*n**2 + 346*n - 3. Calculate d(4).
2405
Let v(h) = -h**3 + 284*h**2 - 1921*h - 4996. Give v(277).
-10
Let k(i) = 714*i**3 + 6427*i**2 + 340*i + 2954. Determine k(-9).
-25
Let z(i) = 66675*i + 466543. Determine z(-7).
-182
Let i(y) = y**2 + 2602*y + 59314. What is i(-23)?
-3
Let a(z) = -3*z**2 - 290*z - 848. Determine a(-103).
-2805
Let f(r) = -3*r**3 + 9*r**2 + 1819*r - 10750. Determine f(6).
-160
Let i(y) = -2090270*y + 8361081. Determine i(4).
1
Let d(z) = -5*z**3 - 127*z**2 - 734*z + 364. Give d(-10).
4
Let w(g) = g**3 + 144*g**2 + 2395*g + 321985. Give w(-143).
-51
Let a(h) = -2*h**2 - 2229*h + 201367. What is a(84)?
19
Let r(l) = 5136*l + 25658. Determine r(-5).
-22
Let j(n) = 1468*n + 81835. Give j(-56).
-373
Let c(o) = -75*o**2 - 398*o - 10. Determine c(-5).
105
Let r(y) = -y**2 - 147373*y + 1031663. Give r(7).
3
Let h(m) = 456*m - 59995. What is h(132)?
197
Let h(m) = 1575*m - 44656. What is h(28)?
-556
Let r(s) = 4332*s + 809940. Give r(-187).
-144
Let k(g) = -g**2 - 1807765*g + 7231078. Determine k(4).
2
Let b(y) = y**3 + 20*y**2 - 259*y - 5182. Determine b(-20).
-2
Let x(z) = -7*z**2 - 139*z + 118. Give x(-11).
800
Let o(q) = 72*q**3 + q**2 - 66*q + 131. What is o(2)?
579
Let i(z) = -34*z**2 - 60*z + 183. Give i(3).
-303
Let t(u) = -2*u**2 - 23*u - 2156. Calculate t(0).
-2156
Let b(x) = -7115*x - 63948. Give b(-9).
87
Let l(h) = 2*h**3 + 6*h**2 - 258*h - 546. Determine l(-12).
-42
Let j(h) = -193220*h + 2125411. Calculate j(11).
-9
Let n(k) = 5*k**2 + 1840*k + 160869. What is n(-225)?
-6
Let p(u) = -3*u**3 - 75*u**2 + 286*u - 1805. Calculate p(-29).
-7
Let x(j) = -2160*j + 470459. Determine x(218).
-421
Let w(r) = 292213*r - 2337701. Determine w(8).
3
Let r(p) = 47*p + 2516. Give r(-29).
1153
Let p(i) = 5*i**2 + 2688*i + 58179. Give p(-515).
-16
Let u(g) = g**3 + 39*g**2 - 241*g + 81. What is u(5)?
-24
Let q(z) = 1053*z + 153758. Determine q(-146).
20
Let o(p) = p**3 + p**2 - 426*p - 399. Determine o(21).
3